 258249353 a composite number?
False
Is 78089159 prime?
False
Is 320079 prime?
False
Is 32464811 composite?
True
Is 33254569 prime?
False
Is 140877143 composite?
True
Is 63560969 a prime number?
True
Is 8792219 composite?
True
Is 1393666 composite?
True
Is 404473999 a prime number?
True
Is 534371143 composite?
True
Is 1900903 prime?
True
Is 18821447 a composite number?
True
Is 12727213 a composite number?
False
Is 912631 prime?
True
Is 19265451 composite?
True
Is 3955969 prime?
True
Is 126406691 composite?
False
Is 1821107 a prime number?
True
Is 93847961 composite?
False
Is 3475169 a composite number?
True
Is 3773683 composite?
True
Is 9170401 prime?
True
Is 28095029 composite?
True
Is 98542205 composite?
True
Is 3530803 a composite number?
False
Is 23594669 a prime number?
False
Is 32359993 a composite number?
True
Is 38602207 composite?
True
Is 13709297 a composite number?
True
Is 402991 prime?
True
Is 74296007 a prime number?
False
Is 2682733 a composite number?
True
Is 326657621 a prime number?
True
Is 14552953 prime?
False
Is 344581931 a prime number?
True
Is 6804997 a composite number?
False
Is 76064554 a prime number?
False
Is 84243703 prime?
True
Is 10811353 composite?
True
Is 2004991 a prime number?
True
Is 138771065 prime?
False
Is 7100263 prime?
False
Is 2214559 composite?
False
Is 247908277 composite?
False
Is 23163313 composite?
True
Is 48281 composite?
False
Is 18617605 a prime number?
False
Is 424709 prime?
True
Is 653579357 a composite number?
False
Is 7482469 prime?
True
Is 345345149 prime?
True
Is 27732077 prime?
False
Is 60593369 prime?
False
Is 312167287 a prime number?
False
Is 285706445 a prime number?
False
Is 6293321 a composite number?
True
Is 7987063 composite?
True
Is 51342757 a composite number?
False
Is 257253 composite?
True
Is 59795 composite?
True
Is 346941703 prime?
False
Is 2820509 a composite number?
False
Is 319579951 a composite number?
False
Is 1042037 composite?
True
Is 34832117 prime?
True
Is 54503447 prime?
False
Is 13852403 prime?
True
Is 1340160333 prime?
False
Is 221817793 a prime number?
True
Is 38056669 a composite number?
True
Is 1402123 composite?
False
Is 99293203 composite?
True
Is 39933067 prime?
False
Is 5952071 prime?
True
Is 52807 composite?
False
Is 72498613 a prime number?
False
Is 85901789 composite?
False
Is 11753767 prime?
False
Is 1539757 a composite number?
True
Is 269937841 a prime number?
False
Is 941543 prime?
False
Is 1415207 a prime number?
True
Is 21633701 a prime number?
False
Is 391829 a prime number?
False
Is 27896903 prime?
True
Is 24233 composite?
True
Is 1869521 composite?
False
Is 920185171 a prime number?
True
Is 1319191 a prime number?
True
Is 60467255 a prime number?
False
Is 80582813 a prime number?
False
Is 4262483 composite?
True
Is 20565823 prime?
False
Is 72817 prime?
True
Is 1306517 composite?
False
Is 926377 composite?
False
Is 26636621 a composite number?
True
Is 62875247 prime?
False
Is 510199 composite?
False
Is 15695513 a composite number?
False
Is 10385231 prime?
False
Is 169649189 prime?
True
Is 9125327 composite?
True
Is 55012733 a prime number?
False
Is 6106189 composite?
False
Is 656844821 a composite number?
False
Is 25001503 a composite number?
False
Is 14431349 prime?
True
Is 21865849 a prime number?
False
Is 8742037 a composite number?
False
Is 1747201 prime?
True
Is 241517173 prime?
False
Is 19532237 a prime number?
True
Is 6525161 composite?
True
Is 49943219 prime?
False
Is 2238703 prime?
True
Is 7427257 composite?
True
Is 1418237 a prime number?
False
Is 1272865355 composite?
True
Is 80229145 prime?
False
Is 4595527 composite?
False
Is 55110191 a composite number?
True
Is 11073821 a composite number?
True
Is 523291 a prime number?
False
Is 161905379 a composite number?
True
Is 37872547 composite?
True
Is 49098563 a prime number?
True
Is 663239 composite?
False
Is 162805 a prime number?
False
Is 20979623 prime?
False
Is 1254449657 composite?
False
Is 2050141 a composite number?
False
Is 59287247 composite?
True
Is 4072969 prime?
False
Is 73294337 prime?
True
Is 90400379 a composite number?
True
Is 3556653 a prime number?
False
Is 159073 prime?
True
Is 143557 prime?
False
Is 38061847 composite?
False
Is 45677851 a prime number?
True
Is 26630701 composite?
True
Is 281865257 a composite number?
False
Is 54631063 a prime number?
False
Is 102653657 a composite number?
True
Is 151891 composite?
True
Is 281530453 a composite number?
True
Is 3414797 a prime number?
False
Is 2377673 composite?
False
Is 1340817503 prime?
True
Is 27750031 a composite number?
False
Is 73125079 composite?
True
Is 236699 prime?
True
Is 3722471 composite?
True
Is 319329307 composite?
True
Is 4216859 a prime number?
False
Is 34231019 composite?
False
Is 37334491 a prime number?
True
Is 89280377 composite?
False
Is 78767011 a composite number?
False
Is 148341761 composite?
False
Is 317986895 composite?
True
Is 32674951 a composite number?
False
Is 677351 a prime number?
False
Is 1503511 a prime number?
False
Is 85473539 a prime number?
False
Is 112459 composite?
False
Is 622905929 a prime number?
True
Is 2383019 a prime number?
True
Is 13326821 a prime number?
False
Is 215984233 a composite number?
False
Is 1001941 prime?
True
Is 12126619 composite?
False
Is 11282359 a composite number?
True
Is 375699965 composite?
True
Is 6508027 prime?
True
Is 1111621 a composite number?
True
Is 849581 a composite number?
False
Is 3999247 a prime number?
False
Is 19809113 prime?
False
Is 4363703 composite?
False
Is 1134109007 a prime number?
False
Is 3292735 composite?
True
Is 26096339 prime?
True
Is 6742643 a composite number?
False
Is 10176109 a prime number?
True
Is 1573997 a composite number?
False
Is 120197411 a composite number?
False
Is 181984727 prime?
True
Is 1120711 composite?
False
Is 108093359 a composite number?
True
Is 33337063 composite?
False
Is 47777057 composite?
False
Is 3345773 a prime number?
False
Is 650911 composite?
False
Is 203702383 a prime number?
False
Is 92910613 prime?
False
Is 22701241 a composite number?
False
Is 4489599 a composite number?
True
Is 46307071 prime?
False
Is 142830377 a composite number?
False
Is 11079473 a composite number?
False
Is 2736991 composite?
True
Is 6356477 a composite number?
True
Is 1234647929 a composite number?
True
Is 39622241 a prime number?
True
Is 12334907 a prime number?
False
Is 4363733 a prime number?
False
Is 28804571 prime?
True
Is 22521377 composite?
False
Is 226183 prime?
True
Is 10564133 prime?
False
Is 131062543 composite?
True
Is 35249287 a prime number?
True
Is 13578683 composite?
True
Is 156817 a composite number?
False
Is 297297761 prime?
False
Is 589435999 prime?
True
Is 59278967 composite?
True
Is 118459514 prime?
False
Is 1615127 composite?
True
Is 344735 a prime number?
False
Is 209266763 prime?
False
Is 683251 a composite number?
False
Is 686183 a prime number?
False
Is 440347 a prime number?
True
Is 28343347 a prime number?
False
Is 2914451 a prime number?
False
Is 3249971 a composite number?
False
Is 15676379 a composite number?
True
Is 134187 a composite number?
True
Is 53394359 prime?
True
Is 81954527 composite?
False
Is 6723601 a prime number?
False
Is 73253281 prime?
False
Is 2484481 composite?
True
Is 2152559 composite?
False
Is 5358671 a prime number?
False
Is 1568627 a prime number?
False
Is 10581785 a composite number?
True
Is 58172663 prime?
True
Is 9101587 a prime number?
False
Is 1180397 a composite number?
False
Is 674629 prime?
False
Is 11693959 prime?
False
Is 6440537 a prime number?
True
Is 72604037 a prime number?
False
Is 39322037 prime?
False
Is 5805809 a prime number?
True
Is 763093 prime?
True
Is 92296153 a prime number?
False
Is 71276089 a prime number?
True
Is 186803657 a prime number?
True
Is 79423307 composite?
True
Is 3396451 a prime number?
False
Is 5103051 prime?
False
Is 717719 prime?
True
Is 289709561 a prime number?
True
Is 5313041 a prime number?
True
Is 115025465 a prime number?
False
Is 126136987 prime?
True
Is 800897 a composite number?
False
Is 10756607 composite?
False
Is 129311563 prime?
True
Is 33085231 a prime number?
True
Is 21146891 prime?
True
Is 1057481 composite?
True
Is 13204157 a prime number?
True
Is 427199291 a composite number?
True
Is 2317913 prime?
False